{"id":30,"date":"2020-08-05T14:10:22","date_gmt":"2020-08-05T12:10:22","guid":{"rendered":"https:\/\/www.nicolasvazqueztorres.com\/?page_id=30"},"modified":"2020-09-16T12:22:46","modified_gmt":"2020-09-16T10:22:46","slug":"inicio","status":"publish","type":"page","link":"https:\/\/www.nicolasvazqueztorres.com\/index.php\/inicio\/","title":{"rendered":"Inicio"},"content":{"rendered":"\n<p>En esta pagina quiero mostrar mi trayectoria pict\u00f3rica que se desarrolla a lo largo de los \u00faltimos 20 a\u00f1os. En esta se distinguen dos per\u00edodos diferentes, la primera \u00e9poca\u00a0\u00a0Puntista (que no Puntillista) y la actual en la que us\u00f3 el arte concreto y la abstracci\u00f3n geom\u00e9trica. Espero que  disfrutes y si tienes inter\u00e9s en adquirir alguna obra puedes contactar. Gracias.<\/p>\n","protected":false},"excerpt":{"rendered":"<p>En esta pagina quiero mostrar mi trayectoria pict\u00f3rica que se desarrolla a lo largo de los \u00faltimos 20 a\u00f1os. En esta se distinguen dos per\u00edodos diferentes, la primera \u00e9poca\u00a0\u00a0Puntista (que no Puntillista) y la actual en la que us\u00f3 el arte concreto y la abstracci\u00f3n geom\u00e9trica. Espero que disfrutes y si tienes inter\u00e9s en adquirir &hellip; <\/p>\n<p class=\"link-more\"><a href=\"https:\/\/www.nicolasvazqueztorres.com\/index.php\/inicio\/\" class=\"more-link\">Continuar leyendo<span class=\"screen-reader-text\"> \u00abInicio\u00bb<\/span><\/a><\/p>\n","protected":false},"author":1,"featured_media":0,"parent":0,"menu_order":0,"comment_status":"closed","ping_status":"closed","template":"","meta":{"footnotes":""},"class_list":["post-30","page","type-page","status-publish","hentry"],"_links":{"self":[{"href":"https:\/\/www.nicolasvazqueztorres.com\/index.php\/wp-json\/wp\/v2\/pages\/30","targetHints":{"allow":["GET"]}}],"collection":[{"href":"https:\/\/www.nicolasvazqueztorres.com\/index.php\/wp-json\/wp\/v2\/pages"}],"about":[{"href":"https:\/\/www.nicolasvazqueztorres.com\/index.php\/wp-json\/wp\/v2\/types\/page"}],"author":[{"embeddable":true,"href":"https:\/\/www.nicolasvazqueztorres.com\/index.php\/wp-json\/wp\/v2\/users\/1"}],"replies":[{"embeddable":true,"href":"https:\/\/www.nicolasvazqueztorres.com\/index.php\/wp-json\/wp\/v2\/comments?post=30"}],"version-history":[{"count":5,"href":"https:\/\/www.nicolasvazqueztorres.com\/index.php\/wp-json\/wp\/v2\/pages\/30\/revisions"}],"predecessor-version":[{"id":165,"href":"https:\/\/www.nicolasvazqueztorres.com\/index.php\/wp-json\/wp\/v2\/pages\/30\/revisions\/165"}],"wp:attachment":[{"href":"https:\/\/www.nicolasvazqueztorres.com\/index.php\/wp-json\/wp\/v2\/media?parent=30"}],"curies":[{"name":"wp","href":"https:\/\/api.w.org\/{rel}","templated":true}]}}